{"id":15,"date":"2017-09-28T12:10:05","date_gmt":"2017-09-28T12:10:05","guid":{"rendered":"http:\/\/www.sborissimo.cz\/?page_id=15"},"modified":"2026-04-20T07:28:17","modified_gmt":"2026-04-20T07:28:17","slug":"ladime-novy-web","status":"publish","type":"page","link":"https:\/\/www.sborissimo.cz\/","title":{"rendered":"Zp\u00edvejte si s&nbsp;n\u00e1mi"},"content":{"rendered":"<p>lidovky, spiritu\u00e1ly, gospely, renesan\u010dn\u00ed i&nbsp;sou\u010dasn\u00e9 p\u00edsn\u011b.<\/p>\n<p>Jsme sm\u00ed\u0161en\u00fd p\u011bveck\u00fd sbor z&nbsp;P\u00edsku, kter\u00fd od roku 2001 vede skv\u011bl\u00e1 sbormistryn\u011b Lenka Halamov\u00e1.<\/p>\n<p><strong>Srde\u010dn\u011b v\u00e1s zveme na na\u0161e koncerty:<\/strong><\/p>\n<p>29.&nbsp;5. Noc kostel\u016f P\u00edsek<\/p>\n","protected":false},"excerpt":{"rendered":"<p>Sborissimo je sm\u00ed\u0161en\u00fd p\u011bveck\u00fd sbor z&nbsp;P\u00edsku, kter\u00fd pracuje pod veden\u00edm sbormistryn\u011b Lenky Halamov\u00e9.<\/p>\n","protected":false},"author":1,"featured_media":3073,"parent":0,"menu_order":1,"comment_status":"closed","ping_status":"closed","template":"page-templates\/front-page.php","meta":{"jetpack_post_was_ever_published":false,"footnotes":""},"class_list":["post-15","page","type-page","status-publish","has-post-thumbnail","hentry","with-featured-image"],"jetpack_sharing_enabled":true,"jetpack_shortlink":"https:\/\/wp.me\/P9ffX1-f","jetpack_likes_enabled":true,"jetpack-related-posts":[{"id":2,"url":"https:\/\/www.sborissimo.cz\/index.php\/o-nas\/","url_meta":{"origin":15,"position":0},"title":"O N\u00c1S","author":"sborissimo","date":"2. 10. 2017","format":false,"excerpt":"SBORISSIMO Sm\u00ed\u0161en\u00fd p\u011bveck\u00fd sbor Sborissimo vznikl v roce 2001 na z\u00e1klad\u011b D\u011btsk\u00e9ho p\u011bveck\u00e9ho sboru p\u0159i DDM P\u00edsek. Pracujeme pod veden\u00edm Lenky Halamov\u00e9 na \u0161irok\u00e9m reperto\u00e1ru, vystupujeme v P\u00edsku, jiho\u010desk\u00fdch m\u011bstech i Praze, ale nebr\u00e1n\u00edme se ani z\u00e1jezd\u016fm do dalek\u00fdch kon\u010din sv\u011bta\u00a0. Od po\u010d\u00e1tku udr\u017eujeme tradici adventn\u00edch koncert\u016f zakon\u010den\u00fdch v\u00e1no\u010dn\u00edm vystoupen\u00edm\u2026","rel":"","context":"Similar post","block_context":{"text":"Similar post","link":""},"img":{"alt_text":"Sborissimo","src":"https:\/\/i0.wp.com\/www.sborissimo.cz\/wp-content\/uploads\/2017\/10\/9.png?fit=1180%2C250&ssl=1&resize=350%2C200","width":350,"height":200,"srcset":"https:\/\/i0.wp.com\/www.sborissimo.cz\/wp-content\/uploads\/2017\/10\/9.png?fit=1180%2C250&ssl=1&resize=350%2C200 1x, https:\/\/i0.wp.com\/www.sborissimo.cz\/wp-content\/uploads\/2017\/10\/9.png?fit=1180%2C250&ssl=1&resize=525%2C300 1.5x, https:\/\/i0.wp.com\/www.sborissimo.cz\/wp-content\/uploads\/2017\/10\/9.png?fit=1180%2C250&ssl=1&resize=700%2C400 2x, https:\/\/i0.wp.com\/www.sborissimo.cz\/wp-content\/uploads\/2017\/10\/9.png?fit=1180%2C250&ssl=1&resize=1050%2C600 3x"},"classes":[]},{"id":3174,"url":"https:\/\/www.sborissimo.cz\/index.php\/workshop-ida-kelarova\/","url_meta":{"origin":15,"position":1},"title":"Zp\u00edvej srdcem","author":"sborissimo","date":"28. 8. 2025","format":false,"excerpt":"Zp\u00edvat um\u00ed \u00fapln\u011b ka\u017ed\u00fd, tvrd\u00ed Ida Kelarov\u00e1 v\u0161em sv\u00fdm p\u0159\u00edznivc\u016fm. Chcete se o tom p\u0159esv\u011bd\u010dit na vlastn\u00ed hlasivky? Nyn\u00ed m\u00e1te ojedin\u011blou mo\u017enost - Ida p\u0159ijede k n\u00e1m do P\u00edsku se sv\u00fdm hlasov\u00fdm workshopem, na kter\u00fd se m\u016f\u017eete p\u0159ihl\u00e1sit i vy. Co v\u00e1s \u010dek\u00e1? t\u0159i dny spole\u010dn\u00e9ho zp\u00edv\u00e1n\u00ed - souzn\u011bn\u00ed -\u2026","rel":"","context":"Similar post","block_context":{"text":"Similar post","link":""},"img":{"alt_text":"","src":"https:\/\/i0.wp.com\/www.sborissimo.cz\/wp-content\/uploads\/2025\/08\/Ida-Kelarova-web-3.jpg?fit=1075%2C718&ssl=1&resize=350%2C200","width":350,"height":200,"srcset":"https:\/\/i0.wp.com\/www.sborissimo.cz\/wp-content\/uploads\/2025\/08\/Ida-Kelarova-web-3.jpg?fit=1075%2C718&ssl=1&resize=350%2C200 1x, https:\/\/i0.wp.com\/www.sborissimo.cz\/wp-content\/uploads\/2025\/08\/Ida-Kelarova-web-3.jpg?fit=1075%2C718&ssl=1&resize=525%2C300 1.5x, https:\/\/i0.wp.com\/www.sborissimo.cz\/wp-content\/uploads\/2025\/08\/Ida-Kelarova-web-3.jpg?fit=1075%2C718&ssl=1&resize=700%2C400 2x, https:\/\/i0.wp.com\/www.sborissimo.cz\/wp-content\/uploads\/2025\/08\/Ida-Kelarova-web-3.jpg?fit=1075%2C718&ssl=1&resize=1050%2C600 3x"},"classes":[]},{"id":136,"url":"https:\/\/www.sborissimo.cz\/index.php\/kontakty\/","url_meta":{"origin":15,"position":2},"title":"KONTAKTY","author":"sborissimo","date":"16. 10. 2017","format":false,"excerpt":"Tvo\u0159\u00edte kulturn\u00ed program pro svoji akci nebo organizaci? Nev\u00e1hejte n\u00e1s\u00a0kontaktovat, s radost\u00ed zazp\u00edv\u00e1me na festivalu, vernis\u00e1\u017ei,\u00a0slavnosti\u00a0\u010di\u00a0sv\u00e1te\u010dn\u00edm setk\u00e1n\u00ed. Jsme otev\u0159en\u00ed v\u0161em zaj\u00edmav\u00fdm projekt\u016fm v bl\u00edzk\u00e9m i dalek\u00e9m okol\u00ed, sv\u011btsk\u00e9m i duchovn\u00edm prost\u0159ed\u00ed, se sou\u010dasnou i\u00a0historickou t\u00e9matikou.\u00a0N\u00e1s to bav\u00ed v\u017edy a v\u0161ude! Z\u0158IZOVATEL\u00a0SBORU D\u016fm d\u011bt\u00ed\u00a0a ml\u00e1de\u017ee, \u0160vantlova 2394\/1, P\u00edsek, 397 01 MANA\u017dERKA\u2026","rel":"","context":"Similar post","block_context":{"text":"Similar post","link":""},"img":{"alt_text":"Sborissimo","src":"https:\/\/i0.wp.com\/www.sborissimo.cz\/wp-content\/uploads\/2017\/10\/10.png?fit=1180%2C250&ssl=1&resize=350%2C200","width":350,"height":200,"srcset":"https:\/\/i0.wp.com\/www.sborissimo.cz\/wp-content\/uploads\/2017\/10\/10.png?fit=1180%2C250&ssl=1&resize=350%2C200 1x, https:\/\/i0.wp.com\/www.sborissimo.cz\/wp-content\/uploads\/2017\/10\/10.png?fit=1180%2C250&ssl=1&resize=525%2C300 1.5x, https:\/\/i0.wp.com\/www.sborissimo.cz\/wp-content\/uploads\/2017\/10\/10.png?fit=1180%2C250&ssl=1&resize=700%2C400 2x, https:\/\/i0.wp.com\/www.sborissimo.cz\/wp-content\/uploads\/2017\/10\/10.png?fit=1180%2C250&ssl=1&resize=1050%2C600 3x"},"classes":[]},{"id":3411,"url":"https:\/\/www.sborissimo.cz\/index.php\/pro-nas\/repertoar\/vanoce-2\/na-svjatyj-vecir\/","url_meta":{"origin":15,"position":3},"title":"Na svjatyj ve\u010dir","author":"sborissimo","date":"9. 11. 2025","format":false,"excerpt":"Na svjatyj ve\u010dir - notySt\u00e1hnout Sopran - s\u00f3lo + sbor Sopran 1 + sbor Sopran 2 + sbor Alt - solo + sbor Alt + sbor Tenor + sbor Bas - solo + sbor Bas 1 + sbor Bas 2 + sbor SBOR","rel":"","context":"Similar post","block_context":{"text":"Similar post","link":""},"img":{"alt_text":"","src":"","width":0,"height":0},"classes":[]},{"id":3362,"url":"https:\/\/www.sborissimo.cz\/index.php\/pro-nas\/repertoar\/vanoce-2\/gaudete-latinska-verze\/","url_meta":{"origin":15,"position":4},"title":"Gaudete (latinsk\u00e1 verze)","author":"sborissimo","date":"12. 10. 2025","format":false,"excerpt":"Gaudete - latinsk\u00e1 verze - noty St\u00e1hnout Sopran 1 Sopran 1 + sbor Sopran 2 Sopran 2 + sbor Alt Alt + sbor Tenor 1 Tenor 1 + sbor Tenor 2 Tenor 2 + sbor Bas 1 Bas 1 + sbor Bas 2 Bas 2 + sbor SBOR","rel":"","context":"Similar post","block_context":{"text":"Similar post","link":""},"img":{"alt_text":"","src":"","width":0,"height":0},"classes":[]},{"id":3380,"url":"https:\/\/www.sborissimo.cz\/index.php\/pro-nas\/repertoar\/vanoce-2\/nova-radist\/","url_meta":{"origin":15,"position":5},"title":"Nova radis\u0165","author":"sborissimo","date":"12. 10. 2025","format":false,"excerpt":"Nova radis\u0165 - noty sborSt\u00e1hnout Nova radis\u0165-noty fl\u00e9tnySt\u00e1hnout Sopran Sopran + sbor Alt Alt + sbor Tenor Tenor + sbor Bas 1 Bas 1 + sbor Bas 2 Bas 2 + sbor SBOR","rel":"","context":"Similar post","block_context":{"text":"Similar post","link":""},"img":{"alt_text":"","src":"","width":0,"height":0},"classes":[]}],"_links":{"self":[{"href":"https:\/\/www.sborissimo.cz\/index.php\/wp-json\/wp\/v2\/pages\/15","targetHints":{"allow":["GET"]}}],"collection":[{"href":"https:\/\/www.sborissimo.cz\/index.php\/wp-json\/wp\/v2\/pages"}],"about":[{"href":"https:\/\/www.sborissimo.cz\/index.php\/wp-json\/wp\/v2\/types\/page"}],"author":[{"embeddable":true,"href":"https:\/\/www.sborissimo.cz\/index.php\/wp-json\/wp\/v2\/users\/1"}],"replies":[{"embeddable":true,"href":"https:\/\/www.sborissimo.cz\/index.php\/wp-json\/wp\/v2\/comments?post=15"}],"version-history":[{"count":132,"href":"https:\/\/www.sborissimo.cz\/index.php\/wp-json\/wp\/v2\/pages\/15\/revisions"}],"predecessor-version":[{"id":3663,"href":"https:\/\/www.sborissimo.cz\/index.php\/wp-json\/wp\/v2\/pages\/15\/revisions\/3663"}],"wp:featuredmedia":[{"embeddable":true,"href":"https:\/\/www.sborissimo.cz\/index.php\/wp-json\/wp\/v2\/media\/3073"}],"wp:attachment":[{"href":"https:\/\/www.sborissimo.cz\/index.php\/wp-json\/wp\/v2\/media?parent=15"}],"curies":[{"name":"wp","href":"https:\/\/api.w.org\/{rel}","templated":true}]}}

Zpívejte si s&nbsp;námi

<p>lidovky, spirituály, gospely, renesanční i&nbsp;současné písně.</p>
<p>Jsme smíšený pěvecký sbor z&nbsp;Písku, který od roku 2001 vede skvělá sbormistryně Lenka Halamová.</p>
<p><strong>Srdečně vás zveme na naše koncerty:</strong></p>
<p>29.&nbsp;5. Noc kostelů Písek</p>

<p>Sborissimo je smíšený pěvecký sbor z&nbsp;Písku, který pracuje pod vedením sbormistryně Lenky Halamové.</p>

O NÁS

SBORISSIMO Smíšený pěvecký sbor Sborissimo vznikl v roce 2001 na základě Dětského pěveckého sboru při DDM Písek. Pracujeme pod vedením Lenky Halamové na širokém repertoáru, vystupujeme v Písku, jihočeských městech i Praze, ale nebráníme se ani zájezdům do dalekých končin světa . Od počátku udržujeme tradici adventních koncertů zakončených vánočním vystoupením…

Zpívej srdcem

Zpívat umí úplně každý, tvrdí Ida Kelarová všem svým příznivcům. Chcete se o tom přesvědčit na vlastní hlasivky? Nyní máte ojedinělou možnost - Ida přijede k nám do Písku se svým hlasovým workshopem, na který se můžete přihlásit i vy. Co vás čeká? tři dny společného zpívání - souznění -…

Tvoříte kulturní program pro svoji akci nebo organizaci? Neváhejte nás kontaktovat, s radostí zazpíváme na festivalu, vernisáži, slavnosti či svátečním setkání. Jsme otevření všem zajímavým projektům v blízkém i dalekém okolí, světském i duchovním prostředí, se současnou i historickou tématikou. Nás to baví vždy a všude! ZŘIZOVATEL SBORU Dům dětí a mládeže, Švantlova 2394/1, Písek, 397 01 MANAŽERKA…

Na svjatyj večir

Na svjatyj večir - notyStáhnout Sopran - sólo + sbor Sopran 1 + sbor Sopran 2 + sbor Alt - solo + sbor Alt + sbor Tenor + sbor Bas - solo + sbor Bas 1 + sbor Bas 2 + sbor SBOR

Gaudete (latinská verze)

Gaudete - latinská verze - noty Stáhnout Sopran 1 Sopran 1 + sbor Sopran 2 Sopran 2 + sbor Alt Alt + sbor Tenor 1 Tenor 1 + sbor Tenor 2 Tenor 2 + sbor Bas 1 Bas 1 + sbor Bas 2 Bas 2 + sbor SBOR

Nova radisť

Nova radisť - noty sborStáhnout Nova radisť-noty flétnyStáhnout Sopran Sopran + sbor Alt Alt + sbor Tenor Tenor + sbor Bas 1 Bas 1 + sbor Bas 2 Bas 2 + sbor SBOR
