{"id":3631,"date":"2026-03-26T07:49:50","date_gmt":"2026-03-26T07:49:50","guid":{"rendered":"https:\/\/www.sborissimo.cz\/?page_id=3631"},"modified":"2026-03-30T06:19:21","modified_gmt":"2026-03-30T06:19:21","slug":"na-sunav","status":"publish","type":"page","link":"https:\/\/www.sborissimo.cz\/index.php\/pro-nas\/repertoar\/romske-pisne\/na-sunav\/","title":{"rendered":"Na \u0161unav"},"content":{"rendered":"","protected":true},"excerpt":{"rendered":"","protected":true},"author":1,"featured_media":0,"parent":3623,"menu_order":0,"comment_status":"closed","ping_status":"closed","template":"","meta":{"jetpack_post_was_ever_published":false,"footnotes":""},"class_list":["post-3631","page","type-page","status-publish","post-password-required","hentry","without-featured-image"],"jetpack_sharing_enabled":true,"jetpack_shortlink":"https:\/\/wp.me\/P9ffX1-Wz","jetpack_likes_enabled":true,"jetpack-related-posts":[{"id":3280,"url":"https:\/\/www.sborissimo.cz\/index.php\/pro-nas\/repertoar\/vanoce-2\/na-nebi-andele\/","url_meta":{"origin":3631,"position":0},"title":"Na nebi and\u011bl\u00e9","author":"sborissimo","date":"2. 10. 2025","format":false,"excerpt":"Na nebi and\u011bl\u00e9 - notySt\u00e1hnout Sopran Sopran + sbor Alt Alt + sbor Tenor Tenor + sbor Bas 1 Bas 1 + sbor Bas 2 Bas 2 + sbor SBOR","rel":"","context":"Similar post","block_context":{"text":"Similar post","link":""},"img":{"alt_text":"","src":"","width":0,"height":0},"classes":[]},{"id":3411,"url":"https:\/\/www.sborissimo.cz\/index.php\/pro-nas\/repertoar\/vanoce-2\/na-svjatyj-vecir\/","url_meta":{"origin":3631,"position":1},"title":"Na svjatyj ve\u010dir","author":"sborissimo","date":"9. 11. 2025","format":false,"excerpt":"Na svjatyj ve\u010dir - notySt\u00e1hnout Sopran - s\u00f3lo + sbor Sopran 1 + sbor Sopran 2 + sbor Alt - solo + sbor Alt + sbor Tenor + sbor Bas - solo + sbor Bas 1 + sbor Bas 2 + sbor SBOR","rel":"","context":"Similar post","block_context":{"text":"Similar post","link":""},"img":{"alt_text":"","src":"","width":0,"height":0},"classes":[]},{"id":3437,"url":"https:\/\/www.sborissimo.cz\/index.php\/pro-nas\/repertoar\/vanoce-2\/3437-2\/","url_meta":{"origin":3631,"position":2},"title":"P\u0159i Betlem\u011b na sala\u0161i","author":"sborissimo","date":"9. 11. 2025","format":false,"excerpt":"P\u0159i Betlem\u011b na sala\u0161i - notySt\u00e1hnout Sopran Sopran + sbor Alt Alt + sbor Tenor Tenor + sbor Bas Bas + sbor SBOR","rel":"","context":"Similar post","block_context":{"text":"Similar post","link":""},"img":{"alt_text":"","src":"","width":0,"height":0},"classes":[]},{"id":3296,"url":"https:\/\/www.sborissimo.cz\/index.php\/pro-nas\/repertoar\/vanoce-2\/radostnou-pisen-zpivejme\/","url_meta":{"origin":3631,"position":3},"title":"Radostnou p\u00edse\u0148 zp\u00edvejme!","author":"sborissimo","date":"2. 10. 2025","format":false,"excerpt":"Radostnou p\u00edse\u0148 zp\u00edvejme - noty - 2slokySt\u00e1hnout Radostnou p\u00edse\u0148 zp\u00edvejme - noty - 3slokySt\u00e1hnout Sopran Sopran + sbor Alt Alt + sbor Tenor Tenor + sbor Bas Bas + sbor SBOR","rel":"","context":"Similar post","block_context":{"text":"Similar post","link":""},"img":{"alt_text":"","src":"","width":0,"height":0},"classes":[]},{"id":3380,"url":"https:\/\/www.sborissimo.cz\/index.php\/pro-nas\/repertoar\/vanoce-2\/nova-radist\/","url_meta":{"origin":3631,"position":4},"title":"Nova radis\u0165","author":"sborissimo","date":"12. 10. 2025","format":false,"excerpt":"Nova radis\u0165 - noty sborSt\u00e1hnout Nova radis\u0165-noty fl\u00e9tnySt\u00e1hnout Sopran Sopran + sbor Alt Alt + sbor Tenor Tenor + sbor Bas 1 Bas 1 + sbor Bas 2 Bas 2 + sbor SBOR","rel":"","context":"Similar post","block_context":{"text":"Similar post","link":""},"img":{"alt_text":"","src":"","width":0,"height":0},"classes":[]},{"id":22,"url":"https:\/\/www.sborissimo.cz\/index.php\/koncerty\/","url_meta":{"origin":3631,"position":5},"title":"KONCERTY","author":"sborissimo","date":"28. 9. 2017","format":false,"excerpt":"Srde\u010dn\u011b v\u00e1s zveme na na\u0161e koncerty: 29. 5. Noc kostel\u016f, P\u00edsek \u00a0 Na\u0161e minul\u00e9 koncerty si m\u016f\u017eete p\u0159ipomenout v Galerii. P\u0159ejeme V\u00e1m, a\u0165 je V\u00e1m st\u00e1le do zp\u011bvu a t\u011b\u0161\u00edme se na dal\u0161\u00ed melodick\u00e1 setk\u00e1n\u00ed!","rel":"","context":"Similar post","block_context":{"text":"Similar post","link":""},"img":{"alt_text":"","src":"https:\/\/i0.wp.com\/www.sborissimo.cz\/wp-content\/uploads\/2018\/12\/SB_web_koncerty1812.png?fit=1180%2C250&ssl=1&resize=350%2C200","width":350,"height":200,"srcset":"https:\/\/i0.wp.com\/www.sborissimo.cz\/wp-content\/uploads\/2018\/12\/SB_web_koncerty1812.png?fit=1180%2C250&ssl=1&resize=350%2C200 1x, https:\/\/i0.wp.com\/www.sborissimo.cz\/wp-content\/uploads\/2018\/12\/SB_web_koncerty1812.png?fit=1180%2C250&ssl=1&resize=525%2C300 1.5x, https:\/\/i0.wp.com\/www.sborissimo.cz\/wp-content\/uploads\/2018\/12\/SB_web_koncerty1812.png?fit=1180%2C250&ssl=1&resize=700%2C400 2x, https:\/\/i0.wp.com\/www.sborissimo.cz\/wp-content\/uploads\/2018\/12\/SB_web_koncerty1812.png?fit=1180%2C250&ssl=1&resize=1050%2C600 3x"},"classes":[]}],"_links":{"self":[{"href":"https:\/\/www.sborissimo.cz\/index.php\/wp-json\/wp\/v2\/pages\/3631","targetHints":{"allow":["GET"]}}],"collection":[{"href":"https:\/\/www.sborissimo.cz\/index.php\/wp-json\/wp\/v2\/pages"}],"about":[{"href":"https:\/\/www.sborissimo.cz\/index.php\/wp-json\/wp\/v2\/types\/page"}],"author":[{"embeddable":true,"href":"https:\/\/www.sborissimo.cz\/index.php\/wp-json\/wp\/v2\/users\/1"}],"replies":[{"embeddable":true,"href":"https:\/\/www.sborissimo.cz\/index.php\/wp-json\/wp\/v2\/comments?post=3631"}],"version-history":[{"count":3,"href":"https:\/\/www.sborissimo.cz\/index.php\/wp-json\/wp\/v2\/pages\/3631\/revisions"}],"predecessor-version":[{"id":3657,"href":"https:\/\/www.sborissimo.cz\/index.php\/wp-json\/wp\/v2\/pages\/3631\/revisions\/3657"}],"up":[{"embeddable":true,"href":"https:\/\/www.sborissimo.cz\/index.php\/wp-json\/wp\/v2\/pages\/3623"}],"wp:attachment":[{"href":"https:\/\/www.sborissimo.cz\/index.php\/wp-json\/wp\/v2\/media?parent=3631"}],"curies":[{"name":"wp","href":"https:\/\/api.w.org\/{rel}","templated":true}]}}