{"id":460,"date":"2017-11-10T23:34:07","date_gmt":"2017-11-10T23:34:07","guid":{"rendered":"http:\/\/www.sborissimo.cz\/?page_id=460"},"modified":"2025-03-21T20:25:04","modified_gmt":"2025-03-21T20:25:04","slug":"pro-nas","status":"publish","type":"page","link":"https:\/\/www.sborissimo.cz\/index.php\/pro-nas\/","title":{"rendered":"Pro n\u00e1s"},"content":{"rendered":"","protected":true},"excerpt":{"rendered":"","protected":true},"author":1,"featured_media":441,"parent":0,"menu_order":0,"comment_status":"closed","ping_status":"closed","template":"page-templates\/grid-page.php","meta":{"jetpack_post_was_ever_published":false,"footnotes":""},"class_list":["post-460","page","type-page","status-publish","post-password-required","hentry","with-featured-image"],"jetpack_sharing_enabled":true,"jetpack_shortlink":"https:\/\/wp.me\/P9ffX1-7q","jetpack_likes_enabled":true,"jetpack-related-posts":[{"id":3296,"url":"https:\/\/www.sborissimo.cz\/index.php\/pro-nas\/repertoar\/vanoce-2\/radostnou-pisen-zpivejme\/","url_meta":{"origin":460,"position":0},"title":"Radostnou p\u00edse\u0148 zp\u00edvejme!","author":"sborissimo","date":"2. 10. 2025","format":false,"excerpt":"Radostnou p\u00edse\u0148 zp\u00edvejme - noty - 2slokySt\u00e1hnout Radostnou p\u00edse\u0148 zp\u00edvejme - noty - 3slokySt\u00e1hnout Sopran Sopran + sbor Alt Alt + sbor Tenor Tenor + sbor Bas Bas + sbor SBOR","rel":"","context":"Similar post","block_context":{"text":"Similar post","link":""},"img":{"alt_text":"","src":"","width":0,"height":0},"classes":[]},{"id":3380,"url":"https:\/\/www.sborissimo.cz\/index.php\/pro-nas\/repertoar\/vanoce-2\/nova-radist\/","url_meta":{"origin":460,"position":1},"title":"Nova radis\u0165","author":"sborissimo","date":"12. 10. 2025","format":false,"excerpt":"Nova radis\u0165 - noty sborSt\u00e1hnout Nova radis\u0165-noty fl\u00e9tnySt\u00e1hnout Sopran Sopran + sbor Alt Alt + sbor Tenor Tenor + sbor Bas 1 Bas 1 + sbor Bas 2 Bas 2 + sbor SBOR","rel":"","context":"Similar post","block_context":{"text":"Similar post","link":""},"img":{"alt_text":"","src":"","width":0,"height":0},"classes":[]},{"id":3348,"url":"https:\/\/www.sborissimo.cz\/index.php\/pro-nas\/repertoar\/vanoce-2\/ceka-nas-ceka\/","url_meta":{"origin":460,"position":2},"title":"\u010cek\u00e1 n\u00e1s, \u010dek\u00e1","author":"sborissimo","date":"12. 10. 2025","format":false,"excerpt":"\u010cek\u00e1 n\u00e1s \u010dek\u00e1 - notySt\u00e1hnout Sopran Sopran + sbor Alt Alt + sbor Tenor Tenor + sbor Bas 1 Bas 1 + sbor Bas 2 Bas 2 + sbor SBOR","rel":"","context":"Similar post","block_context":{"text":"Similar post","link":""},"img":{"alt_text":"","src":"","width":0,"height":0},"classes":[]},{"id":3028,"url":"https:\/\/www.sborissimo.cz\/index.php\/pro-nas\/repertoar\/renesance\/rukavy\/","url_meta":{"origin":460,"position":3},"title":"Ruk\u00e1vy (Greensleeves)","author":"sborissimo","date":"21. 3. 2025","format":false,"excerpt":"Ruk\u00e1vy Greensleeves (noty)St\u00e1hnout Ruk\u00e1vy + akordySt\u00e1hnout sopran sopran+sbor alt alt+sbor tenor tenor+sbor bas bas+sbor SBOR","rel":"","context":"Similar post","block_context":{"text":"Similar post","link":""},"img":{"alt_text":"","src":"","width":0,"height":0},"classes":[]},{"id":3332,"url":"https:\/\/www.sborissimo.cz\/index.php\/pro-nas\/repertoar\/vanoce-2\/dormi-dormi\/","url_meta":{"origin":460,"position":4},"title":"Dormi, dormi","author":"sborissimo","date":"9. 10. 2025","format":false,"excerpt":"Dormi dormi - notySt\u00e1hnout Sopran Sopran + sbor Alt Alt + sbor Tenor Tenor + sbor Bas Bas + sbor SBOR","rel":"","context":"Similar post","block_context":{"text":"Similar post","link":""},"img":{"alt_text":"","src":"","width":0,"height":0},"classes":[]},{"id":3451,"url":"https:\/\/www.sborissimo.cz\/index.php\/pro-nas\/repertoar\/vanoce-2\/sedi-pantata\/","url_meta":{"origin":460,"position":5},"title":"Sed\u00ed pant\u00e1ta","author":"sborissimo","date":"9. 11. 2025","format":false,"excerpt":"Sed\u00ed pant\u00e1ta - notySt\u00e1hnout Sopran Sopran + sbor Alt Alt + sbor Tenor Tenor + sbor Bas Bas + sbor SBOR","rel":"","context":"Similar post","block_context":{"text":"Similar post","link":""},"img":{"alt_text":"","src":"","width":0,"height":0},"classes":[]}],"_links":{"self":[{"href":"https:\/\/www.sborissimo.cz\/index.php\/wp-json\/wp\/v2\/pages\/460","targetHints":{"allow":["GET"]}}],"collection":[{"href":"https:\/\/www.sborissimo.cz\/index.php\/wp-json\/wp\/v2\/pages"}],"about":[{"href":"https:\/\/www.sborissimo.cz\/index.php\/wp-json\/wp\/v2\/types\/page"}],"author":[{"embeddable":true,"href":"https:\/\/www.sborissimo.cz\/index.php\/wp-json\/wp\/v2\/users\/1"}],"replies":[{"embeddable":true,"href":"https:\/\/www.sborissimo.cz\/index.php\/wp-json\/wp\/v2\/comments?post=460"}],"version-history":[{"count":4,"href":"https:\/\/www.sborissimo.cz\/index.php\/wp-json\/wp\/v2\/pages\/460\/revisions"}],"predecessor-version":[{"id":2882,"href":"https:\/\/www.sborissimo.cz\/index.php\/wp-json\/wp\/v2\/pages\/460\/revisions\/2882"}],"wp:featuredmedia":[{"embeddable":true,"href":"https:\/\/www.sborissimo.cz\/index.php\/wp-json\/wp\/v2\/media\/441"}],"wp:attachment":[{"href":"https:\/\/www.sborissimo.cz\/index.php\/wp-json\/wp\/v2\/media?parent=460"}],"curies":[{"name":"wp","href":"https:\/\/api.w.org\/{rel}","templated":true}]}}